10
-20 (base 3) to base 8
-6
-2 (base 4) to base 13
-2
Convert 11 (base 15) to base 2.
10000
Convert -2 (base 8) to base 11.
-2
Convert -1 (base 3) to base 5.
-1
Convert 221 (base 3) to base 9.
27
-3 (base 9) to base 4
-3
23 (base 14) to base 15
21
-21210 (base 3) to base 14
-110
What is 121 (base 3) in base 2?
10000
232 (base 4) to base 5
141
Convert 8 (base 12) to base 10.
8
What is -c (base 16) in base 9?
-13
Convert -59 (base 15) to base 11.
-77
3 (base 10) to base 3
10
Convert 163 (base 8) to base 9.
137
1011000 (base 2) to base 10
88
100 (base 2) to base 6
4
Convert -17 (base 11) to base 14.
-14
What is -70 (base 13) in base 12?
-77
-70 (base 9) to base 12
-53
What is 2 (base 12) in base 5?
2
What is -41 (base 12) in base 3?
-1211
514 (base 7) to base 12
194
What is -1101 (base 2) in base 9?
-14
What is 17 (base 10) in base 4?
101
What is 201 (base 4) in base 16?
21
6 (base 16) to base 12
6
Convert -24 (base 5) to base 4.
-32
Convert -33 (base 12) to base 15.
-29
10 (base 4) to base 13
4
11010000 (base 2) to base 16
d0
-8 (base 11) to base 6
-12
Convert 1 (base 7) to base 8.
1
Convert -3 (base 15) to base 5.
-3
-2 (base 13) to base 9
-2
What is 4 (base 6) in base 2?
100
Convert -1001 (base 2) to base 6.
-13
What is -102 (base 10) in base 12?
-86
Convert -4 (base 14) to base 5.
-4
What is 422 (base 7) in base 4?
3110
Convert 4 (base 14) to base 4.
10
Convert 6 (base 14) to base 6.
10
-5a (base 13) to base 11
-69
Convert -221 (base 3) to base 6.
-41
336 (base 9) to base 3
101020
Convert -65 (base 7) to base 2.
-101111
Convert -1 (base 5) to base 12.
-1
What is -34 (base 16) in base 6?
-124
Convert 111 (base 2) to base 16.
7
Convert 315 (base 10) to base 11.
267
Convert -4 (base 16) to base 5.
-4
What is -d (base 15) in base 14?
-d
What is 6 (base 15) in base 12?
6
-111 (base 10) to base 9
-133
What is -11 (base 6) in base 11?
-7
What is -72 (base 8) in base 11?
-53
7 (base 8) to base 4
13
Convert 13 (base 12) to base 4.
33
-1000100 (base 2) to base 12
-58
-221 (base 3) to base 7
-34
1100100 (base 2) to base 13
79
a1 (base 16) to base 15
ab
20 (base 3) to base 12
6
What is -16a (base 12) in base 8?
-342
What is -22 (base 5) in base 8?
-14
1001 (base 2) to base 13
9
413 (base 5) to base 10
108
Convert -22 (base 11) to base 10.
-24
Convert -1 (base 6) to base 10.
-1
What is -2 (base 4) in base 12?
-2
What is -96 (base 14) in base 2?
-10000100
Convert -b (base 15) to base 5.
-21
What is -152 (base 14) in base 7?
-532
Convert 0 (base 2) to base 10.
0
What is -2 (base 13) in base 10?
-2
Convert -1 (base 14) to base 10.
-1
0 (base 3) to base 9
0
What is 1a (base 12) in base 14?
18
Convert 200 (base 4) to base 10.
32
What is 94 (base 10) in base 12?
7a
Convert 17 (base 10) to base 13.
14
220 (base 3) to base 9
26
Convert -e (base 16) to base 6.
-22
What is 1 (base 14) in base 6?
1
What is 0 (base 9) in base 8?
0
What is 10110 (base 2) in base 8?
26
Convert -56 (base 7) to base 10.
-41
Convert 0 (base 16) to base 7.
0
Convert -7 (base 16) to base 3.
-21
Convert 111110 (base 2) to base 15.
42
What is 6 (base 8) in base 11?
6
111 (base 6) to base 9
47
What is -21 (base 5) in base 9?
-12
Convert -71 (base 15) to base 5.
-411
What is -24 (base 10) in base 4?
-120
Convert 24 (base 9) to base 4.
112
Convert 17 (base 14) to base 10.
21
2b (base 12) to base 11
32
Convert -2031 (base 4) to base 5.
-1031
Convert -4 (base 14) to base 11.
-4
-11 (base 3) to base 5
-4
23 (base 9) to base 13
18
What is a9 (base 12) in base 7?
243
What is 1 (base 6) in base 14?
1
Convert -1b (base 12) to base 4.
-113
Convert 1 (base 5) to base 13.
1
What is 1235 (base 6) in base 15?
15b
Convert 11 (base 2) to base 9.
3
What is 12 (base 14) in base 9?
17
Convert -22 (base 6) to base 9.
-15
Convert 12 (base 7) to base 3.
100
Convert -23 (base 13) to base 6.
-45
What is -1b (base 13) in base 11?
-22
-28 (base 10) to base 13
-22
12 (base 6) to base 9
8
0 (base 11) to base 15
0
-6c (base 15) to base 11
-93
Convert 6c (base 14) to base 9.
116
-1020 (base 4) to base 6
-200
What is 51 (base 10) in base 4?
303
Convert 7 (base 8) to base 14.
7
What is 3b (base 12) in base 13?
38
What is 115 (base 8) in base 5?
302
Convert -2 (base 4) to base 9.
-2
-25 (base 14) to base 5
-113
165 (base 15) to base 14
18c
What is 5 (base 16) in base 12?
5
Convert 3 (base 11) to base 16.
3
What is 5 (base 13) in base 5?
10
What is -32 (base 11) in base 5?
-120
Convert -3 (base 8) to base 6.
-3
Convert -60 (base 9) to base 8.
-66
-196 (base 12) to base 2
-100000010
What is 57 (base 12) in base 2?
1000011
Convert -1 (base 8) to base 16.
-1
-17 (base 12) to base 7
-25
2 (base 13) to base 11
2
Convert -456 (base 7) to base 2.
-11101101
a9 (base 11) to base 13
92
Convert 27 (base 15) to base 10.
37
What is -17 (base 16) in base 5?
-43
-135 (base 8) to base 14
-69
What is -3 (base 11) in base 12?
-3
What is 5 (base 12) in base 14?
5
What is 125 (base 8) in base 15?
5a
b (base 12) to base 2
1011
What is -100 (base 3) in base 6?
-13
Convert -11112 (base 3) to base 6.
-322
What is 2 (base 9) in base 2?
10
Convert -244 (base 7) to base 14.
-94
Convert 10 (base 8) to base 13.
8
-1001 (base 2) to base 10
-9
Convert 11 (base 15) to base 3.
121
2 (base 3) to base 5
2
Convert 30 (base 8) to base 10.
24
Convert -ac (base 13) to base 4.
-2032
Convert 151 (base 7) to base 10.
85
What is 8 (base 9) in base 5?
13
-a (base 15) to base 14
-a
Convert 11101 (base 3) to base 13.
91
Convert -4 (base 7) to base 4.
-10
What is -1 (base 12) in base 11?
-1
-15 (base 7) to base 11
-11
2 (base 7) to base 10
2
What is 4 (base 10) in base 8?
4
2 (base 7) to base 11
2
Convert 4 (base 7) to base 4.
10
2 (base 4) to base 14
2
-2 (base 14) to base 10
-2
What is -33 (base 4) in base 5?
-30
What is 37 (base 15) in base 3?
1221
What is 3 (base 13) in base 4?
3
11 (base 5) to base 8
6
What is -4 (base 10) in base 4?
-10
1c (base 13) to base 7
34
Convert 197 (base 15) to base 6.
1411
4a (base 11) to base 12
46
-1 (base 12) to base 15
-1
What is 43 (base 12) in base 9?
56
-110 (base 2) to base 14
-6
What is -10010 (base 2) in base 4?
-102
-332 (base 6) to base 14
-92
-2 (base 12) to base 13
-2
-11112 (base 3) to base 4
-1322
1c (base 13) to base 9
27
What is -6 (base 16) in base 4?
-12
What is 202 (base 8) in base 11?
109
What is 132 (base 5) in base 2?
101010
What is 10201 (base 3) in base 16?
64
Convert 101 (base 3) to base 11.
a
2 (base 15) to base 6
2
Convert 4 (base 10) to base 12.
4
Convert -23 (base 7) to base 8.
-21
Convert -13 (base 11) to base 4.
-32
163 (base 9) to base 6
350
46 (base 16) to base 13
55
Convert 2 (base 15) to base 6.
2
Convert 106 (base 7) to base 6.
131
Convert 313 (base 4) to base 12.
47
What is 231 (base 5) in base 9?
73
What is 10010 (base 3) in base 5?
314
What is 0 (base 4) in base 13?
0
21 (base 3) to base 2
111
Convert -7 (base 16) to base 10.
-7
What is a (base 16) in base 15?
a
What is 1 (base 11) in base 15?
1
100 (base 2) to base 12
4
-7 (base 11) to base 13
-7
Convert 2 (base 15) to base 16.
2
18 (base 14) to base 9
24
What is 1220 (base 3) in base 9?
56
b3 (base 12) to base 8
207
What is -10001 (base 2) in base 3?
-122
What is 1 (base 10) in base 16?
1
33 (base 10) to base 9
36
What is 9 (base 12) in base 7?
12
-e (base 16) to base 2
-1110
What is 10 (base 3) in base 12?
3
What is -6 (base 10) in base 3?
-20
What is 1 (base 3) in base 12?
1
What is -101 (base 3) in base 13?
-a
What is -116 (base 8) in base 16?
-4e
b (base 16) to base 14
b
Convert -11 (base 2) to base 14.
-3
0 (base 9) to base 6
0
What is 13 (base 7) in base 4?
22
Convert 1 (base 7) to base 4.
1
Convert -10 (base 3) to base 9.
-3
Convert -2 (base 14) to base 6.
-2
100110011 (base 2) to base 5
2212
What is 31 (base 4) in base 6?
21
16 (base 12) to base 15
13
Convert -272 (base 8) to base 6.
-510
What is 16 (base 15) in base 11?
1a
16 (base 14) to base 16
14
Convert 12 (base 14) to base 7.
22
What is 2 (base 12) in base 11?
2
-451 (base 7) to base 16
-e8
Convert 0 (base 5) to base 15.
0
1 (base 10) to base 15
1
-10000101 (base 2) to base 3
-11221
Convert 77 (base 13) to base 11.
8a
-18 (base 10) to base 16
-12
Convert -541 (base 6) to base 4.
-3031
-38 (base 13) to base 11
-43
Convert 0 (base 15) to base 8.
0
-110 (base 2) to base 10
-6
-4 (b